{"id":640,"date":"2026-01-08T19:20:05","date_gmt":"2026-01-08T19:20:05","guid":{"rendered":"https:\/\/www.vzdelavanivpsychoterapii.cz\/?page_id=640"},"modified":"2026-01-08T19:21:39","modified_gmt":"2026-01-08T19:21:39","slug":"nove-projekty","status":"publish","type":"page","link":"https:\/\/www.vzdelavanivpsychoterapii.cz\/?page_id=640","title":{"rendered":"Nov\u00e9 projekty"},"content":{"rendered":"<p>[et_pb_section fb_built=&#8220;1&#8243; _builder_version=&#8220;4.27.5&#8243; _module_preset=&#8220;default&#8220; background_color=&#8220;rgba(0,0,0,0.13)&#8220; global_colors_info=&#8220;{}&#8220;][et_pb_row column_structure=&#8220;1_2,1_2&#8243; _builder_version=&#8220;4.27.5&#8243; _module_preset=&#8220;default&#8220; global_colors_info=&#8220;{}&#8220;][et_pb_column type=&#8220;1_2&#8243; _builder_version=&#8220;4.27.5&#8243; _module_preset=&#8220;default&#8220; global_colors_info=&#8220;{}&#8220;][et_pb_image src=&#8220;https:\/\/www.vzdelavanivpsychoterapii.cz\/wp-content\/uploads\/2026\/01\/LOGO-6.png&#8220; title_text=&#8220;LOGO 6&#8243; _builder_version=&#8220;4.27.5&#8243; _module_preset=&#8220;default&#8220; width=&#8220;9%&#8220; global_colors_info=&#8220;{}&#8220;][\/et_pb_image][et_pb_text _builder_version=&#8220;4.27.5&#8243; _module_preset=&#8220;default&#8220; global_colors_info=&#8220;{}&#8220;]<\/p>\n<h2>Vzd\u011bl\u00e1vac\u00ed projekt<\/h2>\n<p>[\/et_pb_text][et_pb_heading title=&#8220;PETROVA BADATELNA&#8220; _builder_version=&#8220;4.27.5&#8243; _module_preset=&#8220;default&#8220; title_font=&#8220;|800|||||||&#8220; global_colors_info=&#8220;{}&#8220;][\/et_pb_heading][et_pb_text _builder_version=&#8220;4.27.5&#8243; _module_preset=&#8220;default&#8220; text_font_size=&#8220;15px&#8220; global_colors_info=&#8220;{}&#8220;]<\/p>\n<p class=\"has-text-color has-link-color wp-elements-ef21e298aa037df6a3ba16f88b11a1a8\"><strong>Chci v\u00e1s pozvat na spole\u010dn\u00e9 zkoum\u00e1n\u00ed t\u00e9mat v oblasti psychoterapie, du\u0161evn\u00edho zdrav\u00ed, mezilidsk\u00fdch vztah\u016f a osobn\u00edho rozvoje.<\/strong><\/p>\n<p class=\"has-text-color has-link-color wp-elements-de225f63d6b3a5721b479da40b9c7fee\"><strong>Projekt\u00a0PETROVA BADATELNA\u00a0je navr\u017een nejen pro profesion\u00e1ln\u00ed psychoterapeuty, ale tak\u00e9 pro pracovn\u00edky v pom\u00e1haj\u00edc\u00edch profes\u00edch, pedagogy a v\u0161echny, kte\u0159\u00ed hledaj\u00ed inspiraci a nov\u00e9 cesty k osobn\u00edmu r\u016fstu.<\/strong><\/p>\n<p class=\"has-text-color has-link-color wp-elements-d9c4f8beabc4fd84098a349341bc4db4\"><strong>Nab\u00edz\u00edm vzd\u011bl\u00e1vac\u00ed videa, podcasty a webin\u00e1\u0159e.<\/strong><\/p>\n<p>[\/et_pb_text][et_pb_button button_url=&#8220;https:\/\/petrovabadatelna.cz\/&#8220; button_text=&#8220;web PETROVA BADATELNA&#8220; _builder_version=&#8220;4.27.5&#8243; _module_preset=&#8220;default&#8220; custom_button=&#8220;on&#8220; button_text_size=&#8220;20px&#8220; button_text_color=&#8220;#001b87&#8243; button_border_radius=&#8220;14px&#8220; button_font=&#8220;|600|||||||&#8220; hover_enabled=&#8220;0&#8243; global_colors_info=&#8220;{}&#8220; url_new_window=&#8220;on&#8220; sticky_enabled=&#8220;0&#8243;][\/et_pb_button][\/et_pb_column][et_pb_column type=&#8220;1_2&#8243; _builder_version=&#8220;4.27.5&#8243; _module_preset=&#8220;default&#8220; global_colors_info=&#8220;{}&#8220;][\/et_pb_column][\/et_pb_row][\/et_pb_section]<\/p>\n","protected":false},"excerpt":{"rendered":"<p>Vzd\u011bl\u00e1vac\u00ed projektChci v\u00e1s pozvat na spole\u010dn\u00e9 zkoum\u00e1n\u00ed t\u00e9mat v oblasti psychoterapie, du\u0161evn\u00edho zdrav\u00ed, mezilidsk\u00fdch vztah\u016f a osobn\u00edho rozvoje. Projekt\u00a0PETROVA BADATELNA\u00a0je navr\u017een nejen pro profesion\u00e1ln\u00ed psychoterapeuty, ale tak\u00e9 pro pracovn\u00edky v pom\u00e1haj\u00edc\u00edch profes\u00edch, pedagogy a v\u0161echny, kte\u0159\u00ed hledaj\u00ed inspiraci a nov\u00e9 cesty k osobn\u00edmu r\u016fstu. Nab\u00edz\u00edm vzd\u011bl\u00e1vac\u00ed videa, podcasty a webin\u00e1\u0159e.<\/p>\n","protected":false},"author":1,"featured_media":0,"parent":0,"menu_order":0,"comment_status":"closed","ping_status":"closed","template":"","meta":{"_et_pb_use_builder":"on","_et_pb_old_content":"","_et_gb_content_width":"","footnotes":""},"class_list":["post-640","page","type-page","status-publish","hentry"],"yoast_head":"<!-- This site is optimized with the Yoast SEO plugin v21.3 - https:\/\/yoast.com\/wordpress\/plugins\/seo\/ -->\n<title>Nov\u00e9 projekty - Psychoterapie traumatu<\/title>\n<meta name=\"robots\" content=\"index, follow, max-snippet:-1, max-image-preview:large, max-video-preview:-1\" \/>\n<link rel=\"canonical\" href=\"https:\/\/www.vzdelavanivpsychoterapii.cz\/?page_id=640\" \/>\n<meta property=\"og:locale\" content=\"cs_CZ\" \/>\n<meta property=\"og:type\" content=\"article\" \/>\n<meta property=\"og:title\" content=\"Nov\u00e9 projekty - Psychoterapie traumatu\" \/>\n<meta property=\"og:description\" content=\"Vzd\u011bl\u00e1vac\u00ed projektChci v\u00e1s pozvat na spole\u010dn\u00e9 zkoum\u00e1n\u00ed t\u00e9mat v oblasti psychoterapie, du\u0161evn\u00edho zdrav\u00ed, mezilidsk\u00fdch vztah\u016f a osobn\u00edho rozvoje. Projekt\u00a0PETROVA BADATELNA\u00a0je navr\u017een nejen pro profesion\u00e1ln\u00ed psychoterapeuty, ale tak\u00e9 pro pracovn\u00edky v pom\u00e1haj\u00edc\u00edch profes\u00edch, pedagogy a v\u0161echny, kte\u0159\u00ed hledaj\u00ed inspiraci a nov\u00e9 cesty k osobn\u00edmu r\u016fstu. Nab\u00edz\u00edm vzd\u011bl\u00e1vac\u00ed videa, podcasty a webin\u00e1\u0159e.\" \/>\n<meta property=\"og:url\" content=\"https:\/\/www.vzdelavanivpsychoterapii.cz\/?page_id=640\" \/>\n<meta property=\"og:site_name\" content=\"Psychoterapie traumatu\" \/>\n<meta property=\"article:publisher\" content=\"https:\/\/www.facebook.com\/profile.php?id=100089180415426\" \/>\n<meta property=\"article:modified_time\" content=\"2026-01-08T19:21:39+00:00\" \/>\n<meta name=\"twitter:card\" content=\"summary_large_image\" \/>\n<meta name=\"twitter:label1\" content=\"Odhadovan\u00e1 doba \u010dten\u00ed\" \/>\n\t<meta name=\"twitter:data1\" content=\"1 minuta\" \/>\n<script type=\"application\/ld+json\" class=\"yoast-schema-graph\">{\"@context\":\"https:\/\/schema.org\",\"@graph\":[{\"@type\":\"WebPage\",\"@id\":\"https:\/\/www.vzdelavanivpsychoterapii.cz\/?page_id=640\",\"url\":\"https:\/\/www.vzdelavanivpsychoterapii.cz\/?page_id=640\",\"name\":\"Nov\u00e9 projekty - Psychoterapie traumatu\",\"isPartOf\":{\"@id\":\"https:\/\/www.vzdelavanivpsychoterapii.cz\/#website\"},\"datePublished\":\"2026-01-08T19:20:05+00:00\",\"dateModified\":\"2026-01-08T19:21:39+00:00\",\"breadcrumb\":{\"@id\":\"https:\/\/www.vzdelavanivpsychoterapii.cz\/?page_id=640#breadcrumb\"},\"inLanguage\":\"cs\",\"potentialAction\":[{\"@type\":\"ReadAction\",\"target\":[\"https:\/\/www.vzdelavanivpsychoterapii.cz\/?page_id=640\"]}]},{\"@type\":\"BreadcrumbList\",\"@id\":\"https:\/\/www.vzdelavanivpsychoterapii.cz\/?page_id=640#breadcrumb\",\"itemListElement\":[{\"@type\":\"ListItem\",\"position\":1,\"name\":\"Dom\u016f\",\"item\":\"https:\/\/www.vzdelavanivpsychoterapii.cz\/\"},{\"@type\":\"ListItem\",\"position\":2,\"name\":\"Nov\u00e9 projekty\"}]},{\"@type\":\"WebSite\",\"@id\":\"https:\/\/www.vzdelavanivpsychoterapii.cz\/#website\",\"url\":\"https:\/\/www.vzdelavanivpsychoterapii.cz\/\",\"name\":\"Psychoterapie traumatu\",\"description\":\"Postgradu\u00e1ln\u00ed semin\u00e1\u0159e\",\"publisher\":{\"@id\":\"https:\/\/www.vzdelavanivpsychoterapii.cz\/#organization\"},\"potentialAction\":[{\"@type\":\"SearchAction\",\"target\":{\"@type\":\"EntryPoint\",\"urlTemplate\":\"https:\/\/www.vzdelavanivpsychoterapii.cz\/?s={search_term_string}\"},\"query-input\":\"required name=search_term_string\"}],\"inLanguage\":\"cs\"},{\"@type\":\"Organization\",\"@id\":\"https:\/\/www.vzdelavanivpsychoterapii.cz\/#organization\",\"name\":\"Psychoterapie traumatu\",\"url\":\"https:\/\/www.vzdelavanivpsychoterapii.cz\/\",\"logo\":{\"@type\":\"ImageObject\",\"inLanguage\":\"cs\",\"@id\":\"https:\/\/www.vzdelavanivpsychoterapii.cz\/#\/schema\/logo\/image\/\",\"url\":\"https:\/\/www.vzdelavanivpsychoterapii.cz\/wp-content\/uploads\/2023\/09\/VP-5.png\",\"contentUrl\":\"https:\/\/www.vzdelavanivpsychoterapii.cz\/wp-content\/uploads\/2023\/09\/VP-5.png\",\"width\":500,\"height\":500,\"caption\":\"Psychoterapie traumatu\"},\"image\":{\"@id\":\"https:\/\/www.vzdelavanivpsychoterapii.cz\/#\/schema\/logo\/image\/\"},\"sameAs\":[\"https:\/\/www.facebook.com\/profile.php?id=100089180415426\"]}]}<\/script>\n<!-- \/ Yoast SEO plugin. -->","yoast_head_json":{"title":"Nov\u00e9 projekty - Psychoterapie traumatu","robots":{"index":"index","follow":"follow","max-snippet":"max-snippet:-1","max-image-preview":"max-image-preview:large","max-video-preview":"max-video-preview:-1"},"canonical":"https:\/\/www.vzdelavanivpsychoterapii.cz\/?page_id=640","og_locale":"cs_CZ","og_type":"article","og_title":"Nov\u00e9 projekty - Psychoterapie traumatu","og_description":"Vzd\u011bl\u00e1vac\u00ed projektChci v\u00e1s pozvat na spole\u010dn\u00e9 zkoum\u00e1n\u00ed t\u00e9mat v oblasti psychoterapie, du\u0161evn\u00edho zdrav\u00ed, mezilidsk\u00fdch vztah\u016f a osobn\u00edho rozvoje. Projekt\u00a0PETROVA BADATELNA\u00a0je navr\u017een nejen pro profesion\u00e1ln\u00ed psychoterapeuty, ale tak\u00e9 pro pracovn\u00edky v pom\u00e1haj\u00edc\u00edch profes\u00edch, pedagogy a v\u0161echny, kte\u0159\u00ed hledaj\u00ed inspiraci a nov\u00e9 cesty k osobn\u00edmu r\u016fstu. Nab\u00edz\u00edm vzd\u011bl\u00e1vac\u00ed videa, podcasty a webin\u00e1\u0159e.","og_url":"https:\/\/www.vzdelavanivpsychoterapii.cz\/?page_id=640","og_site_name":"Psychoterapie traumatu","article_publisher":"https:\/\/www.facebook.com\/profile.php?id=100089180415426","article_modified_time":"2026-01-08T19:21:39+00:00","twitter_card":"summary_large_image","twitter_misc":{"Odhadovan\u00e1 doba \u010dten\u00ed":"1 minuta"},"schema":{"@context":"https:\/\/schema.org","@graph":[{"@type":"WebPage","@id":"https:\/\/www.vzdelavanivpsychoterapii.cz\/?page_id=640","url":"https:\/\/www.vzdelavanivpsychoterapii.cz\/?page_id=640","name":"Nov\u00e9 projekty - Psychoterapie traumatu","isPartOf":{"@id":"https:\/\/www.vzdelavanivpsychoterapii.cz\/#website"},"datePublished":"2026-01-08T19:20:05+00:00","dateModified":"2026-01-08T19:21:39+00:00","breadcrumb":{"@id":"https:\/\/www.vzdelavanivpsychoterapii.cz\/?page_id=640#breadcrumb"},"inLanguage":"cs","potentialAction":[{"@type":"ReadAction","target":["https:\/\/www.vzdelavanivpsychoterapii.cz\/?page_id=640"]}]},{"@type":"BreadcrumbList","@id":"https:\/\/www.vzdelavanivpsychoterapii.cz\/?page_id=640#breadcrumb","itemListElement":[{"@type":"ListItem","position":1,"name":"Dom\u016f","item":"https:\/\/www.vzdelavanivpsychoterapii.cz\/"},{"@type":"ListItem","position":2,"name":"Nov\u00e9 projekty"}]},{"@type":"WebSite","@id":"https:\/\/www.vzdelavanivpsychoterapii.cz\/#website","url":"https:\/\/www.vzdelavanivpsychoterapii.cz\/","name":"Psychoterapie traumatu","description":"Postgradu\u00e1ln\u00ed semin\u00e1\u0159e","publisher":{"@id":"https:\/\/www.vzdelavanivpsychoterapii.cz\/#organization"},"potentialAction":[{"@type":"SearchAction","target":{"@type":"EntryPoint","urlTemplate":"https:\/\/www.vzdelavanivpsychoterapii.cz\/?s={search_term_string}"},"query-input":"required name=search_term_string"}],"inLanguage":"cs"},{"@type":"Organization","@id":"https:\/\/www.vzdelavanivpsychoterapii.cz\/#organization","name":"Psychoterapie traumatu","url":"https:\/\/www.vzdelavanivpsychoterapii.cz\/","logo":{"@type":"ImageObject","inLanguage":"cs","@id":"https:\/\/www.vzdelavanivpsychoterapii.cz\/#\/schema\/logo\/image\/","url":"https:\/\/www.vzdelavanivpsychoterapii.cz\/wp-content\/uploads\/2023\/09\/VP-5.png","contentUrl":"https:\/\/www.vzdelavanivpsychoterapii.cz\/wp-content\/uploads\/2023\/09\/VP-5.png","width":500,"height":500,"caption":"Psychoterapie traumatu"},"image":{"@id":"https:\/\/www.vzdelavanivpsychoterapii.cz\/#\/schema\/logo\/image\/"},"sameAs":["https:\/\/www.facebook.com\/profile.php?id=100089180415426"]}]}},"_links":{"self":[{"href":"https:\/\/www.vzdelavanivpsychoterapii.cz\/index.php?rest_route=\/wp\/v2\/pages\/640","targetHints":{"allow":["GET"]}}],"collection":[{"href":"https:\/\/www.vzdelavanivpsychoterapii.cz\/index.php?rest_route=\/wp\/v2\/pages"}],"about":[{"href":"https:\/\/www.vzdelavanivpsychoterapii.cz\/index.php?rest_route=\/wp\/v2\/types\/page"}],"author":[{"embeddable":true,"href":"https:\/\/www.vzdelavanivpsychoterapii.cz\/index.php?rest_route=\/wp\/v2\/users\/1"}],"replies":[{"embeddable":true,"href":"https:\/\/www.vzdelavanivpsychoterapii.cz\/index.php?rest_route=%2Fwp%2Fv2%2Fcomments&post=640"}],"version-history":[{"count":6,"href":"https:\/\/www.vzdelavanivpsychoterapii.cz\/index.php?rest_route=\/wp\/v2\/pages\/640\/revisions"}],"predecessor-version":[{"id":650,"href":"https:\/\/www.vzdelavanivpsychoterapii.cz\/index.php?rest_route=\/wp\/v2\/pages\/640\/revisions\/650"}],"wp:attachment":[{"href":"https:\/\/www.vzdelavanivpsychoterapii.cz\/index.php?rest_route=%2Fwp%2Fv2%2Fmedia&parent=640"}],"curies":[{"name":"wp","href":"https:\/\/api.w.org\/{rel}","templated":true}]}}

Nové projekty

<p>[et_pb_section fb_built=&#8220;1&#8243; _builder_version=&#8220;4.27.5&#8243; _module_preset=&#8220;default&#8220; background_color=&#8220;rgba(0,0,0,0.13)&#8220; global_colors_info=&#8220;{}&#8220;][et_pb_row column_structure=&#8220;1_2,1_2&#8243; _builder_version=&#8220;4.27.5&#8243; _module_preset=&#8220;default&#8220; global_colors_info=&#8220;{}&#8220;][et_pb_column type=&#8220;1_2&#8243; _builder_version=&#8220;4.27.5&#8243; _module_preset=&#8220;default&#8220; global_colors_info=&#8220;{}&#8220;][et_pb_image src=&#8220;https://www.vzdelavanivpsychoterapii.cz/wp-content/uploads/2026/01/LOGO-6.png&#8220; title_text=&#8220;LOGO 6&#8243; _builder_version=&#8220;4.27.5&#8243; _module_preset=&#8220;default&#8220; width=&#8220;9%&#8220; global_colors_info=&#8220;{}&#8220;][/et_pb_image][et_pb_text _builder_version=&#8220;4.27.5&#8243; _module_preset=&#8220;default&#8220; global_colors_info=&#8220;{}&#8220;]</p>
<h2>Vzdělávací projekt</h2>
<p>[/et_pb_text][et_pb_heading title=&#8220;PETROVA BADATELNA&#8220; _builder_version=&#8220;4.27.5&#8243; _module_preset=&#8220;default&#8220; title_font=&#8220;|800|||||||&#8220; global_colors_info=&#8220;{}&#8220;][/et_pb_heading][et_pb_text _builder_version=&#8220;4.27.5&#8243; _module_preset=&#8220;default&#8220; text_font_size=&#8220;15px&#8220; global_colors_info=&#8220;{}&#8220;]</p>
<p class="has-text-color has-link-color wp-elements-ef21e298aa037df6a3ba16f88b11a1a8"><strong>Chci vás pozvat na společné zkoumání témat v oblasti psychoterapie, duševního zdraví, mezilidských vztahů a osobního rozvoje.</strong></p>
<p class="has-text-color has-link-color wp-elements-de225f63d6b3a5721b479da40b9c7fee"><strong>Projekt PETROVA BADATELNA je navržen nejen pro profesionální psychoterapeuty, ale také pro pracovníky v pomáhajících profesích, pedagogy a všechny, kteří hledají inspiraci a nové cesty k osobnímu růstu.</strong></p>
<p class="has-text-color has-link-color wp-elements-d9c4f8beabc4fd84098a349341bc4db4"><strong>Nabízím vzdělávací videa, podcasty a webináře.</strong></p>
<p>[/et_pb_text][et_pb_button button_url=&#8220;https://petrovabadatelna.cz/&#8220; button_text=&#8220;web PETROVA BADATELNA&#8220; _builder_version=&#8220;4.27.5&#8243; _module_preset=&#8220;default&#8220; custom_button=&#8220;on&#8220; button_text_size=&#8220;20px&#8220; button_text_color=&#8220;#001b87&#8243; button_border_radius=&#8220;14px&#8220; button_font=&#8220;|600|||||||&#8220; hover_enabled=&#8220;0&#8243; global_colors_info=&#8220;{}&#8220; url_new_window=&#8220;on&#8220; sticky_enabled=&#8220;0&#8243;][/et_pb_button][/et_pb_column][et_pb_column type=&#8220;1_2&#8243; _builder_version=&#8220;4.27.5&#8243; _module_preset=&#8220;default&#8220; global_colors_info=&#8220;{}&#8220;][/et_pb_column][/et_pb_row][/et_pb_section]</p>

<p>Vzdělávací projektChci vás pozvat na společné zkoumání témat v oblasti psychoterapie, duševního zdraví, mezilidských vztahů a osobního rozvoje. Projekt PETROVA BADATELNA je navržen nejen pro profesionální psychoterapeuty, ale také pro pracovníky v pomáhajících profesích, pedagogy a všechny, kteří hledají inspiraci a nové cesty k osobnímu růstu. Nabízím vzdělávací videa, podcasty a webináře.</p>

<!-- This site is optimized with the Yoast SEO plugin v21.3 - https://yoast.com/wordpress/plugins/seo/ -->
<title>Nové projekty - Psychoterapie traumatu</title>
<meta name="robots" content="index, follow, max-snippet:-1, max-image-preview:large, max-video-preview:-1" />
<link rel="canonical" href="https://www.vzdelavanivpsychoterapii.cz/?page_id=640" />
<meta property="og:locale" content="cs_CZ" />
<meta property="og:type" content="article" />
<meta property="og:title" content="Nové projekty - Psychoterapie traumatu" />
<meta property="og:description" content="Vzdělávací projektChci vás pozvat na společné zkoumání témat v oblasti psychoterapie, duševního zdraví, mezilidských vztahů a osobního rozvoje. Projekt PETROVA BADATELNA je navržen nejen pro profesionální psychoterapeuty, ale také pro pracovníky v pomáhajících profesích, pedagogy a všechny, kteří hledají inspiraci a nové cesty k osobnímu růstu. Nabízím vzdělávací videa, podcasty a webináře." />
<meta property="og:url" content="https://www.vzdelavanivpsychoterapii.cz/?page_id=640" />
<meta property="og:site_name" content="Psychoterapie traumatu" />
<meta property="article:publisher" content="https://www.facebook.com/profile.php?id=100089180415426" />
<meta property="article:modified_time" content="2026-01-08T19:21:39+00:00" />
<meta name="twitter:card" content="summary_large_image" />
<meta name="twitter:label1" content="Odhadovaná doba čtení" />
	<meta name="twitter:data1" content="1 minuta" />
<script type="application/ld+json" class="yoast-schema-graph">{"@context":"https://schema.org","@graph":[{"@type":"WebPage","@id":"https://www.vzdelavanivpsychoterapii.cz/?page_id=640","url":"https://www.vzdelavanivpsychoterapii.cz/?page_id=640","name":"Nové projekty - Psychoterapie traumatu","isPartOf":{"@id":"https://www.vzdelavanivpsychoterapii.cz/#website"},"datePublished":"2026-01-08T19:20:05+00:00","dateModified":"2026-01-08T19:21:39+00:00","breadcrumb":{"@id":"https://www.vzdelavanivpsychoterapii.cz/?page_id=640#breadcrumb"},"inLanguage":"cs","potentialAction":[{"@type":"ReadAction","target":["https://www.vzdelavanivpsychoterapii.cz/?page_id=640"]}]},{"@type":"BreadcrumbList","@id":"https://www.vzdelavanivpsychoterapii.cz/?page_id=640#breadcrumb","itemListElement":[{"@type":"ListItem","position":1,"name":"Domů","item":"https://www.vzdelavanivpsychoterapii.cz/"},{"@type":"ListItem","position":2,"name":"Nové projekty"}]},{"@type":"WebSite","@id":"https://www.vzdelavanivpsychoterapii.cz/#website","url":"https://www.vzdelavanivpsychoterapii.cz/","name":"Psychoterapie traumatu","description":"Postgraduální semináře","publisher":{"@id":"https://www.vzdelavanivpsychoterapii.cz/#organization"},"potentialAction":[{"@type":"SearchAction","target":{"@type":"EntryPoint","urlTemplate":"https://www.vzdelavanivpsychoterapii.cz/?s={search_term_string}"},"query-input":"required name=search_term_string"}],"inLanguage":"cs"},{"@type":"Organization","@id":"https://www.vzdelavanivpsychoterapii.cz/#organization","name":"Psychoterapie traumatu","url":"https://www.vzdelavanivpsychoterapii.cz/","logo":{"@type":"ImageObject","inLanguage":"cs","@id":"https://www.vzdelavanivpsychoterapii.cz/#/schema/logo/image/","url":"https://www.vzdelavanivpsychoterapii.cz/wp-content/uploads/2023/09/VP-5.png","contentUrl":"https://www.vzdelavanivpsychoterapii.cz/wp-content/uploads/2023/09/VP-5.png","width":500,"height":500,"caption":"Psychoterapie traumatu"},"image":{"@id":"https://www.vzdelavanivpsychoterapii.cz/#/schema/logo/image/"},"sameAs":["https://www.facebook.com/profile.php?id=100089180415426"]}]}</script>
<!-- / Yoast SEO plugin. -->

Nové projekty - Psychoterapie traumatu

Vzdělávací projektChci vás pozvat na společné zkoumání témat v oblasti psychoterapie, duševního zdraví, mezilidských vztahů a osobního rozvoje. Projekt PETROVA BADATELNA je navržen nejen pro profesionální psychoterapeuty, ale také pro pracovníky v pomáhajících profesích, pedagogy a všechny, kteří hledají inspiraci a nové cesty k osobnímu růstu. Nabízím vzdělávací videa, podcasty a webináře.

Domů

Postgraduální semináře
